 - 6504/(-4). Calculate the highest common factor of a and 38.
38
Let b(l) = l**3 + 20*l**2 - l - 16. Let t be b(-20). Suppose -t*u = 2*u - 288. Calculate the highest common divisor of u and 6.
6
Let n = 9575 + -9485. What is the greatest common factor of n and 9495?
45
Let f = -5864 + 5872. Let n be ((-36)/14)/((-12)/56). What is the greatest common factor of n and f?
4
Suppose 0*i = 35*i - 27930. Let u(w) = -17*w + 235. Let h be u(13). What is the highest common divisor of h and i?
14
Let k be 1 + 0 + (163 - 77). Calculate the greatest common divisor of 1798 and k.
29
Let l = -274 + 278. Let s be ((45/l)/5)/((-2)/(-144)). Calculate the highest common factor of s and 18.
18
Let h be (-11258)/(-22) - 99/(-363). Calculate the greatest common factor of 752 and h.
16
Suppose 4*k + 4*r - 303 = 5*r, -5*r + 285 = 4*k. Let a be (-50)/4*((-1716)/65)/11. What is the greatest common factor of k and a?
15
Let c be (-49)/(-17) - (-60)/510. Let l be 8 - c/(12/8). Calculate the greatest common divisor of l and 7.
1
Let a = -30 - -35. Suppose 3*h = 3*l + 6, -5*h - a*l = -3*l - 24. Suppose -2*z + 35 = -21. Calculate the highest common factor of z and h.
4
Suppose -5*d - n = -2*n - 33, -d + 21 = -5*n. Let s be 28/(-84) - (-38)/d. Calculate the highest common divisor of 12 and s.
6
Let r = 16981 - 16165. Calculate the highest common divisor of r and 1734.
102
Suppose -169*t + 201*t = -490 + 1930. Let k be (-234)/(-3) - (4 - 1). Calculate the greatest common divisor of k and t.
15
Let d(y) = y + 67. Let h be d(-8). Let j = h - 82. Let w = j - -50. What is the highest common divisor of 54 and w?
27
Suppose 32 = -4*z - 0. Let k(w) = -w**2 - 9*w - 6. Let r be k(z). Let j be (2 + 4)/(3/r). What is the greatest common divisor of j and 6?
2
Let n = -234 - -256. Let m(p) = 4*p - 34. Let t be m(14). Calculate the highest common divisor of t and n.
22
Suppose 4*r + 47*c - 51*c - 120 = 0, -5*r + 204 = 4*c. What is the highest common divisor of 756 and r?
36
Let y be (-10)/(4/6*-1). Let s be y/2*(25 - 9). What is the highest common divisor of s and 72?
24
Let x(b) = 58 - 12 - 41 - 39 + 11*b. Suppose 2*t + 2*t - 16 = 0. Let d be x(t). Calculate the highest common factor of 5 and d.
5
Let s(h) = h - 18. Let v be s(6). Let p be (-1*6)/(v/16 + 0). Let m be (-3)/4*2*p/(-6). Calculate the highest common factor of 8 and m.
2
Suppose -1884 = 3*z - 5*l, 2*z + 2*l + 1400 - 160 = 0. Let j = z + 923. Calculate the highest common divisor of j and 12.
12
Let u = -538 - -539. Let l be 4840/40*(-2)/(u*-2). Calculate the greatest common divisor of 22 and l.
11
Let x be (-1521891)/(-522) + (-6)/4. Calculate the greatest common divisor of x and 496.
62
Let b(z) = -z**3 + 20*z**2 + 9*z - 18. Let m be b(21). Let h be m/(-36)*66/5. What is the highest common divisor of h and 9?
9
Suppose 65*l - 50*l + 10 - 235 = 0. Calculate the highest common factor of 1905 and l.
15
Suppose 0 = 35*b - 58*b + 43*b - 15920. Calculate the highest common factor of 2985 and b.
199
Suppose -399 = n + 6*n. Let x = 137 + n. Suppose -3*b - 2*b - a + x = 0, -a - 22 = -b. Calculate the highest common divisor of 136 and b.
17
Suppose 418 = 3*t - 353. Suppose 6*c - 55 - t = 0. What is the greatest common factor of 4 and c?
4
Suppose 23 = 6*i - 5*r - 9, -2*i + 3*r + 16 = 0. What is the highest common divisor of i and 22?
2
Suppose -12*p = 4*p - 5472 + 1728. Calculate the greatest common divisor of 13338 and p.
234
Let g(m) = -m**3 - 3*m**2 + 2. Let s be g(0). Suppose -s*o + o - 5*d + 114 = 0, 2*d = o - 142. What is the highest common factor of 335 and o?
67
Suppose 0 = -4*h - 18*h - 2310. Let n be 1/(6/398) - (-35)/h. Calculate the greatest common factor of 297 and n.
33
Suppose -5*x + 2*a + 444 = 0, 5*x - 9*x - a = -363. Calculate the highest common factor of 54090 and x.
90
Suppose 15 = 5*r + m, 0 + 5 = m. Suppose 0 = -r*b + 6*b - 72. Let j = 13 + 14. Calculate the greatest common factor of b and j.
9
Let j = -43 + 277. Suppose -7*o + j = -74. Calculate the greatest common divisor of o and 550.
22
Suppose -1085 - 280 = -5*x. Suppose 0 = 2*q - 5*q + x. Let k(s) = 18*s**2 + 59*s - 64. Let m be k(1). What is the greatest common factor of q and m?
13
Let r = -6393 + 6467. What is the highest common divisor of 851 and r?
37
Suppose -18*p + 15*p = -6. Suppose x = -4*k - 58, -k - 2*x + 3*x = 17. Let v = k + 20. What is the greatest common factor of p and v?
1
Let a be 18/(-3) + 380/8 - 2/4. Calculate the greatest common factor of a and 4.
1
Suppose -20984 = -28*f - 18408. Calculate the greatest common divisor of f and 14260.
92
Suppose 3*z + 0 = -3. Let h be (39 - z)*2*6/3. Suppose -a - 4*a + 3*d + 44 = 0, -2*d + 44 = 4*a. Calculate the greatest common divisor of h and a.
10
Suppose -29*y = -20*y + 63. Let j(h) = h**3 + 8*h**2 + h + 14. Let u be j(y). Let t be 1380/33 + (-2)/(-11). Calculate the highest common divisor of u and t.
14
Suppose 5*s = 5*q + 1100, -10*s + 6*s = -3*q - 659. Let m = q + 509. What is the greatest common divisor of 32 and m?
32
Let j = 981 + -949. Suppose 2*l + 3*l = 240. Calculate the highest common divisor of j and l.
16
Let f(g) = -g**3 + 72*g**2 - 14*g - 3982. Let l be f(71). Calculate the greatest common divisor of 507 and l.
13
Let m = 200 - 241. Let v = m + 74. Calculate the greatest common divisor of v and 11.
11
Let t = 2351 + -2306. Calculate the highest common divisor of t and 2490.
15
Suppose 0 = -42*o + 1174 + 55526. What is the greatest common factor of 243 and o?
27
Let f(k) = 4*k**2 + 237*k + 1335. Let o be f(-6). What is the highest common divisor of 228 and o?
57
Suppose -22*y = -3*k - 20*y + 471, 3*y + 18 = 0. Calculate the highest common factor of k and 801.
9
Let q(u) = u**3 - 56*u**2 + 185*u + 46. Let a be q(53). Calculate the highest common factor of a and 112.
16
Let l be ((12 - 1) + 7)*5/(-3). Let j be (-5)/l + 214/12. Calculate the greatest common factor of 45 and j.
9
Let c = -71 - -65. Let q = 6 + c. Suppose -56*k + 58*k - 28 = q. What is the greatest common divisor of k and 14?
14
Suppose 3*l + 5 - 26 = 0. Suppose 9*k - 8*k - 77 = 0. Let x = k - 28. Calculate the greatest common divisor of l and x.
7
Let m be 1 + 2 + 6 + -1. Suppose m*w - 10*w = -14. Suppose 0 = -2*p - 3*s + 129, 3*p - 6*s = -s + 184. What is the greatest common factor of w and p?
7
Suppose 3*x = -8*a + 4*a + 158, 2*a + 218 = 4*x. Let t = x - 53. Calculate the greatest common factor of t and 13.
1
Let g(k) = 21*k**2 - 28*k - 100. Suppose -5*h - 10 = 0, -3*m - 4*h = -0*h + 20. Let i be g(m). What is the greatest common factor of 12 and i?
12
Suppose 4*t = -16, -39*t - 3404 = -4*g - 35*t. Suppose -g = -8*m + 497. Calculate the highest common divisor of m and 48.
24
Suppose -3*k - 211 = -35*v + 31*v, 205 = 4*v + 3*k. What is the highest common factor of v and 92?
4
Let v(d) = -2*d**2 + 15*d + 8. Suppose 6*z - 16 = 4*z. Let w be v(z). Suppose w*y + 3 = y. Calculate the highest common divisor of y and 1.
1
Let y = 3502 + 6326. What is the greatest common divisor of 12 and y?
12
Let x be ((-2)/(-12))/((-1)/3) - (-70)/28. What is the highest common divisor of x and 237?
1
Let p = 6148 - 4828. What is the greatest common factor of 240 and p?
120
Let i be 142/3 + -6*2/(-18). Let j be (-560)/(-21)*(-9)/4. Let p = 84 + j. Calculate the greatest common factor of p and i.
24
Let x = -11118 - -11304. What is the greatest common factor of 30318 and x?
186
Let s be 96/(-320) - 4347/10. Let a be s/261 - -2*241/3. What is the greatest common factor of 3 and a?
3
Suppose 0 = -0*m + m - 23. Let f(h) = 6*h**2 + 19*h + 3. Let i be (12 + -15)/(9/12). Let y be f(i). What is the greatest common divisor of m and y?
23
Suppose 0 = -8*l + l + 4242. Let b = l - 430. Let a be (-1 - 0)*-1 + 21. What is the highest common factor of b and a?
22
Suppose 984 = 198*h + 579 - 1179. Suppose 2*o + 0*r = -3*r + 39, -5*o + 4*r + 132 = 0. What is the greatest common divisor of h and o?
8
Suppose 9*o = 3*v - 44535, -5*o + 20447 = 3*v - 24130. What is the greatest common divisor of 42 and v?
14
Suppose -5*j + 2 = -i, -2*j - j = 2*i - 35. Suppose -o - 688 = 4*n + 124, -5*n = -5*o + 990. Let d = n - -293. What is the greatest common factor of i and d?
13
Let y be (4*3/(-6))/((-4)/90). Let l be (y/(-20))/((-3)/12). What is the highest common factor o